{"id":579,"date":"2021-10-01T16:32:52","date_gmt":"2021-10-01T16:32:52","guid":{"rendered":"https:\/\/miv-san.org\/?page_id=579"},"modified":"2021-10-18T15:52:10","modified_gmt":"2021-10-18T15:52:10","slug":"3-donem-calisma-programi","status":"publish","type":"page","link":"https:\/\/miv-san.org\/?page_id=579","title":{"rendered":"3. D\u00f6nem \u00c7al\u0131\u015fma Program\u0131 (2016 \u2013 2018)"},"content":{"rendered":"<p>[vc_row cth_layout=&#8221;monolit_page_sec&#8221; el_id=&#8221;sec1&#8243;][vc_column offset=&#8221;vc_col-md-8&#8243;][vc_column_text]<\/p>\n<h1 class=\"section-title\">3. D\u00f6nem \u00c7al\u0131\u015fma Program\u0131 (2016 \u2013 2018)<\/h1>\n<p>M\u0130V-SAN\u2019\u0131n (Sosyal G\u00fcvenlik Yard\u0131mla\u015fma ve Dayan\u0131\u015fma Sand\u0131\u011f\u0131)30 Ocak 2016 tarihinde ger\u00e7ekle\u015ftirilen Ola\u011fan Genel Kurulunda se\u00e7ilen Y\u00f6netim Kurulumuzun haz\u0131rlad\u0131\u011f\u0131 \u00c7al\u0131\u015fma Program\u0131n\u0131 Mimarl\u0131k Vakf\u0131 Ola\u011fan Genel Kuruluna sayg\u0131 ile sunuyoruz.<\/p>\n<p>\u00d6ncelikle,<\/p>\n<ul>\n<li>M\u0130V-SAN Y\u00f6netim Kurulu olarak; g\u00f6rev tevdii edilen Yeni Y\u00f6netim Kurulumuz bir \u00f6nceki d\u00f6nemde ba\u015far\u0131 ile y\u00fckseltilen ilkeselli\u011fe ba\u011fl\u0131 kalarak, kurumsall\u0131\u011f\u0131n geli\u015ftirilip devaml\u0131l\u0131\u011f\u0131n\u0131n sa\u011flanmas\u0131n\u0131,<\/li>\n<li>M\u0130V-SAN\u2019\u0131n (Sosyal G\u00fcvenlik Yard\u0131mla\u015fma ve Dayan\u0131\u015fma Sand\u0131\u011f\u0131)m\u0131z\u0131n G\u00fc\u00e7lendirilmesi ve Ortak Say\u0131s\u0131n\u0131n(\u00dcye) artt\u0131r\u0131lmas\u0131 i\u00e7in yeni d\u00f6nemimizde, kurulu\u015f amac\u0131na uygun \u015fekilde ilkeli hedefleri olan bir g\u00fc\u00e7lenme ile, \u201cHer Ortak \u00dcye + Yeni Bir Ortak \u00dcye\u201d slogan\u0131 ile ortak say\u0131s\u0131n\u0131n artt\u0131r\u0131larak \u00f6ncelikle sand\u0131\u011f\u0131n s\u00fcrd\u00fcr\u00fclebilir olmas\u0131n\u0131n sa\u011flanmas\u0131n\u0131<\/li>\n<\/ul>\n<p>hedefliyoruz.<\/p>\n<p>S\u00f6z\u00fc edilen amaca y\u00f6nelik,<\/p>\n<ul>\n<li>Sand\u0131k \u00fcyelerimizle periyodik toplant\u0131lar yap\u0131lmas\u0131n\u0131,<\/li>\n<li>M\u0130V-SAN ile Mimarlar Odas\u0131 Genel Merkez, \u015eubeler ve Temsilciliklerle ili\u015fkilerin g\u00fc\u00e7lendirilmesini, tan\u0131t\u0131mlar ve bilgilendirmeler yap\u0131lmas\u0131n\u0131, \u00fcye say\u0131s\u0131n\u0131n \u00fclke genelinde art\u0131r\u0131lmas\u0131n\u0131,<\/li>\n<li>Benzer \u015fekilde M\u0130V-SAN(Sosyal G\u00fcvenlik Yard\u0131mla\u015fma ve Dayan\u0131\u015fma Sand\u0131\u011f\u0131) ile kurumsal par\u00e7as\u0131 olan Mimarl\u0131k Vakf\u0131, \u0130ktisadi \u0130\u015fletmeler ile Mimarl\u0131k Vakf\u0131 ile ili\u015fkilerin g\u00fc\u00e7lendirilmesini yap\u0131lacak \u00e7al\u0131\u015fmalar\u0131n planlanmas\u0131n\u0131,<\/li>\n<li>M\u0130V-SAN www.mivsan.org.tr web sayfas\u0131n\u0131n ve facebook sayfas\u0131n\u0131n kurulu\u015f ama\u00e7lar\u0131m\u0131z, hedeflerimiz, \u00e7al\u0131\u015fmalar\u0131m\u0131z ve duyurular\u0131m\u0131z hakk\u0131nda g\u00fcncellenmesini,<br \/>\nHedefliyoruz.<\/li>\n<li>M\u0130V-SAN olarak \u00f6ncelikle d\u00fcnyada 04-10 Ekim g\u00fcnleri kutlanan Mimarl\u0131k Haftas\u0131nda g\u00fc\u00e7l\u00fc yayg\u0131n etkinlikler d\u00fczenlemeyi planlamaktad\u0131r.(sergi, kermes, konser, gezi ve benzerleri gibi)<br \/>\nBenzer \u015fekilde \u00f6nemli hafta ve g\u00fcnlerde (Mimar Sinan\u2019\u0131 anma etkinlikleri, \u015fenlikler, festivaller, sempozyumlar..) M\u0130V-SAN\u2019\u0131 tan\u0131t\u0131m ve ba\u011f\u0131\u015f stantlar\u0131 a\u00e7may\u0131,<\/li>\n<li>Mimarl\u0131k ortam\u0131nda kal\u0131c\u0131 hedefler ger\u00e7ekle\u015ftirmek amac\u0131yla Mimarlar Evi, Mimarlar K\u00f6y\u00fc, Mimarl\u0131k M\u00fczesi gibi, mimar \u00fcyeleriyle daha g\u00fc\u00e7l\u00fc ba\u011flar kurarak ve kat\u0131l\u0131mlar\u0131n\u0131 sa\u011flayarak hayata ge\u00e7irilmesi i\u00e7in k\u0131sa, orta vadeli \u00e7al\u0131\u015fmalar\u0131 planlamay\u0131,<\/li>\n<li>Yeni d\u00f6nemde mevzuata y\u00f6nelik inceleme yap\u0131larak sonu\u00e7lar\u0131n\u0131n \u00fcyelerimizle payla\u015f\u0131lmas\u0131, gerekli g\u00f6r\u00fclen mevzuat d\u00fczenlemelerin yap\u0131lmas\u0131n\u0131,<\/li>\n<li>Y\u00f6netim Kurulunun kendi i\u00e7inde as\u0131l ve yedekleri ile kolektif, bir \u00f6rg\u00fctlenme ve \u00e7al\u0131\u015fma tarz\u0131 olu\u015fturulmas\u0131n\u0131,<\/li>\n<\/ul>\n<p>Hedefliyoruz.<\/p>\n<ul>\n<li>Ortak \u00dcyelerimizin varsa bor\u00e7lar\u0131n\u0131n yap\u0131land\u0131r\u0131lmas\u0131n\u0131,<\/li>\n<li>Ortak \u00fcyelerimizle ele\u015ftiri ve \u00f6nerilerini alaca\u011f\u0131m\u0131z g\u00fc\u00e7lenmeyi sa\u011flayacak toplant\u0131lar yap\u0131lmas\u0131n\u0131,<\/li>\n<li>M\u0130V-SAN mallar\u0131n\u0131, gelirlerini sand\u0131k b\u00fct\u00e7esini sand\u0131\u011f\u0131n ve \u00fcyelerinin yarar\u0131na her t\u00fcrl\u00fc ekonomik ve sosyal \u00f6nlemlerin zaman\u0131nda al\u0131nabilmesi, mevcut birikimin en rantabl \u015fekilde s\u00fcrd\u00fcr\u00fclebilmesi i\u00e7in gerekli finansal ara\u015ft\u0131rmalar yapmay\u0131,<\/li>\n<li>M\u0130V-SAN Mimarlar Orman\u0131n\u0131 \u201cHer Mimara 10 A\u011fa\u00e7\u201d slogan\u0131 ile b\u00fcy\u00fctmeyi,<br \/>\nM\u0130V-SAN olarak \u201c\u00f6\u011frenci \u00fcyelik\u201d ile ilgili \u00e7al\u0131\u015fmalar yaparak somut ad\u0131mlar atmay\u0131, Hedefliyoruz.<\/li>\n<\/ul>\n<p>B\u0130R olmak yerine \u00c7OK olmak i\u00e7in haydi M\u0130V-SAN Sosyal G\u00fcvenlik ve Yard\u0131mla\u015fma Sand\u0131\u011f\u0131\u2019nda YARDIMLA\u015eMAYA, DAYANI\u015eMAYA\u2026.<\/p>\n<p>B\u0130R a\u011fa\u00e7 olmak yerine B\u0130R orman olmak i\u00e7in haydi M\u0130V-SAN Sosyal G\u00fcvenlik ve Yard\u0131mla\u015fma Sand\u0131\u011f\u0131\u2019nda YARDIMLA\u015eMAYA, DAYANI\u015eMAYA\u2026.<\/p>\n<p>Neoliberal d\u00fcnyan\u0131n ortaya koydu\u011fu sosyal adaletsizli\u011fin e\u015fitsizli\u011fin sosyal g\u00fcvensizli\u011fin bizi sorunlar kar\u015f\u0131s\u0131nda yapayaln\u0131z B\u0130R birey haline getiren bu sistemde \u00c7OK olmak i\u00e7in sorunlar\u0131 birlikte \u00e7\u00f6zebilmek i\u00e7in yaln\u0131z olmamak i\u00e7in haydi M\u0130V-SAN Sosyal G\u00fcvenlik ve Yard\u0131mla\u015fma Sand\u0131\u011f\u0131\u2019nda YARDIMLA\u015eMAYA, DAYANI\u015eMAYA\u2026.<\/p>\n<p>HAYD\u0130 EL ELE B\u0130RL\u0130K OLMAYA\u2026 B\u0130RL\u0130KTE G\u00dc\u00c7LENMEYE\u2026 HEMEN \u015e\u0130MD\u0130\u2026.<\/p>\n<p>HAYD\u0130 M\u0130MARLAR ORMANINI B\u00dcY\u00dcTMEYE\u2026.<\/p>\n<p>&#8216; G\u00dc\u00c7L\u00dc M\u0130V-SAN DAYANI\u015eMA \u0130LE GER\u00c7EKLE\u015e\u0130R, M\u0130MARLARIMIZI DAYANI\u015eMAYA DAVET ED\u0130YORUZ &#8216;<\/p>\n<p>Mimarl\u0131k Vakf\u0131 Ola\u011fan Genel Kuruluna Sayg\u0131 ve sevgi ile sunulur.<br \/>\n<strong>14\/May\u0131s\/2016<\/strong>[\/vc_column_text][\/vc_column][vc_column offset=&#8221;vc_col-md-4&#8243; css=&#8221;.vc_custom_1634567675642{border-left-width: 2px !important;padding-left: 30px !important;border-left-color: #26c7ef !important;border-left-style: solid !important;}&#8221;][vc_column_text]<\/p>\n<h4>1. D\u00d6NEM Y\u00d6NET\u0130M KURULU<\/h4>\n<p>[\/vc_column_text][vc_separator color=&#8221;turquoise&#8221; align=&#8221;align_left&#8221; border_width=&#8221;2&#8243; el_width=&#8221;70&#8243; css_animation=&#8221;slideInRight&#8221;][vc_column_text css=&#8221;.vc_custom_1634572324010{margin-top: 50px !important;}&#8221;]<strong>ASIL<\/strong><br \/>\n1. Ali Ekinci-Ba\u015fkan (\u0130zmir)<br \/>\n2. Salt\u0131k Y\u00fcceer-Ba\u015fkan Yrd. (\u0130stanbul)<br \/>\n3. Ay\u015fen \u00d6\u011f\u00fct Y\u0131lmaz-Sekreter \u00dcye (\u0130stanbul)<br \/>\n4. Attila Ergin-Sayman \u00dcye (\u0130stanbul)<br \/>\n5. Leman Ardo\u011fan-\u00dcye (Ankara)<br \/>\n6. Erol T\u00fcrkmen-\u00dcye (\u0130stanbul)<br \/>\n7. Selcan Be\u015fik-\u00dcye (Ordu)[\/vc_column_text][vc_separator color=&#8221;turquoise&#8221; align=&#8221;align_left&#8221; border_width=&#8221;2&#8243; el_width=&#8221;70&#8243; css_animation=&#8221;slideInRight&#8221;][vc_column_text css=&#8221;.vc_custom_1634572294285{margin-top: 50px !important;}&#8221;]<strong>YEDEK<\/strong><br \/>\n1. Leyla Celep G\u00fcrsoy (\u0130stanbul)<br \/>\n2. Z. Deniz Tekg\u00fcvercin<br \/>\n3. A. Serhan \u015eakar (\u0130stanbul)<br \/>\n4. Macit Toz (\u0130stanbul)<br \/>\n5. Ayhan \u00d6zgen (\u0130stanbul)<br \/>\n6. A. Tamer \u0130nceler (\u0130stanbul)<br \/>\n7. \u0130lmen G\u00f6zde (\u0130stanbul)[\/vc_column_text][vc_separator color=&#8221;turquoise&#8221; align=&#8221;align_left&#8221; border_width=&#8221;2&#8243; el_width=&#8221;70&#8243; css_animation=&#8221;slideInUp&#8221; css=&#8221;.vc_custom_1634567850166{padding-bottom: 50px !important;}&#8221;][\/vc_column][\/vc_row]<\/p>\n","protected":false},"excerpt":{"rendered":"<p>[vc_row cth_layout=&#8221;monolit_page_sec&#8221; el_id=&#8221;sec1&#8243;][vc_column offset=&#8221;vc_col-md-8&#8243;][vc_column_text] 3. D\u00f6nem \u00c7al\u0131\u015fma Program\u0131 (2016 \u2013 2018) M\u0130V-SAN\u2019\u0131n (Sosyal G\u00fcvenlik Yard\u0131mla\u015fma ve Dayan\u0131\u015fma Sand\u0131\u011f\u0131)30 Ocak 2016 tarihinde ger\u00e7ekle\u015ftirilen Ola\u011fan Genel Kurulunda se\u00e7ilen Y\u00f6netim Kurulumuzun haz\u0131rlad\u0131\u011f\u0131 \u00c7al\u0131\u015fma Program\u0131n\u0131 Mimarl\u0131k Vakf\u0131 Ola\u011fan Genel Kuruluna sayg\u0131 ile sunuyoruz. \u00d6ncelikle, M\u0130V-SAN Y\u00f6netim Kurulu olarak; g\u00f6rev tevdii edilen Yeni Y\u00f6netim Kurulumuz bir \u00f6nceki d\u00f6nemde ba\u015far\u0131 ile [&hellip;]<\/p>\n","protected":false},"author":1,"featured_media":0,"parent":0,"menu_order":0,"comment_status":"closed","ping_status":"closed","template":"page-fullwidth.php","meta":[],"_links":{"self":[{"href":"https:\/\/miv-san.org\/index.php?rest_route=\/wp\/v2\/pages\/579"}],"collection":[{"href":"https:\/\/miv-san.org\/index.php?rest_route=\/wp\/v2\/pages"}],"about":[{"href":"https:\/\/miv-san.org\/index.php?rest_route=\/wp\/v2\/types\/page"}],"author":[{"embeddable":true,"href":"https:\/\/miv-san.org\/index.php?rest_route=\/wp\/v2\/users\/1"}],"replies":[{"embeddable":true,"href":"https:\/\/miv-san.org\/index.php?rest_route=%2Fwp%2Fv2%2Fcomments&post=579"}],"version-history":[{"count":11,"href":"https:\/\/miv-san.org\/index.php?rest_route=\/wp\/v2\/pages\/579\/revisions"}],"predecessor-version":[{"id":969,"href":"https:\/\/miv-san.org\/index.php?rest_route=\/wp\/v2\/pages\/579\/revisions\/969"}],"wp:attachment":[{"href":"https:\/\/miv-san.org\/index.php?rest_route=%2Fwp%2Fv2%2Fmedia&parent=579"}],"curies":[{"name":"wp","href":"https:\/\/api.w.org\/{rel}","templated":true}]}}