{"id":637,"date":"2021-10-02T10:58:06","date_gmt":"2021-10-02T10:58:06","guid":{"rendered":"https:\/\/miv-san.org\/?page_id=637"},"modified":"2023-12-28T10:49:53","modified_gmt":"2023-12-28T10:49:53","slug":"sosyal-yardimlar","status":"publish","type":"page","link":"https:\/\/miv-san.org\/?page_id=637","title":{"rendered":"Sosyal Yard\u0131m ve faaliyetler"},"content":{"rendered":"<p>[vc_row cth_layout=&#8221;monolit_page_sec&#8221; el_id=&#8221;sec2&#8243;][vc_column offset=&#8221;vc_col-md-8&#8243;][vc_row_inner css=&#8221;.vc_custom_1635416475746{margin-top: 0px !important;padding-top: 0px !important;}&#8221;][vc_column_inner css=&#8221;.vc_custom_1635416487743{padding-top: 0px !important;}&#8221;][vc_column_text]<\/p>\n<h1 style=\"text-align: left;\">Sosyal Dayan\u0131\u015fma Fonu<\/h1>\n<p>[\/vc_column_text][vc_empty_space][\/vc_column_inner][\/vc_row_inner][vc_column_text]Y\u00f6netmeli\u011findeki yard\u0131mla\u015fma ko\u015fulu \u00dcyelikle s\u0131n\u0131rland\u0131r\u0131lm\u0131\u015f olan M\u0130V-SAN, Sand\u0131k \u00dcyeli\u011fi bulunmayan meslekta\u015flar\u0131na da kar\u015f\u0131l\u0131ks\u0131z destek olabilmek amac\u0131yla 2012 y\u0131l\u0131nda Sosyal Dayan\u0131\u015fma Fonunu kurmu\u015ftur. Ortaklar\u0131n birikimlerinin korunmas\u0131 amac\u0131yla Fonu besleyen \u00e7e\u015fitli gelir kalemleri belirlenmi\u015ftir. Sosyal ve k\u00fclt\u00fcrel etkinliklerden ve o mekanlarda a\u00e7t\u0131\u011f\u0131m\u0131z stantlarda ba\u011f\u0131\u015f makbuzu kar\u015f\u0131l\u0131\u011f\u0131nda sat\u0131\u015f\u0131n\u0131 ger\u00e7ekle\u015ftirdi\u011fimiz M\u0130V-SAN logolu \u00fcr\u00fcnlerin (\u00e7anta, ajanda, ti\u015f\u00f6rt, kitap, resim vb.) sat\u0131\u015f\u0131ndan gelir elde edilmektedir. Ayr\u0131ca Sosyal Dayan\u0131\u015fma Fonu\u2019na do\u011frudan ve ko\u015fulsuz yap\u0131lan ba\u011f\u0131\u015flar da havuzda birikerek, bu tutardan (YK\u2019ca gerek\u00e7esi uygun g\u00f6r\u00fclen) meslekta\u015flar\u0131m\u0131za (2023 y\u0131l\u0131 i\u00e7in) kar\u015f\u0131l\u0131ks\u0131z 2.000 TL katk\u0131da bulunulabilmektedir.<\/p>\n<p>&nbsp;<\/p>\n<h3>Sosyal Dayan\u0131\u015fma Fonu\u2019na Ko\u015fullu Ba\u011f\u0131\u015flar<\/h3>\n<p>&nbsp;<\/p>\n<p>Gerekli yard\u0131m miktar\u0131 ve\/veya ko\u015fullar\u0131 Sosyal Dayan\u0131\u015fma Fonu\u2019nca kar\u015f\u0131lanmaya elveri\u015fli olmayan ma\u011fduriyetlerde, do\u011frudan ihtiya\u00e7 sahibi meslekta\u015fa y\u00f6nelik hedefi \u00f6nceden belirlenmi\u015f ba\u011f\u0131\u015flar al\u0131nabilmekte, M\u0130V-SAN bu gibi gereksinimlerde kurumsal bir \u015femsiye g\u00f6revini \u00fcstlenerek devreye girebilmektedir. \u00d6rne\u011fin do\u011fal bir afetten etkilenen bir b\u00f6lgedeki acil yard\u0131mla\u015fma gerektiren veya Sosyal Dayan\u0131\u015fma Fonu\u2019nun kar\u015f\u0131layabildi\u011finden daha fazla kayna\u011fa gereksinim duyan meslekta\u015flar\u0131m\u0131za \u00dcyemiz olmad\u0131\u011f\u0131 halde yaln\u0131zca onlara y\u00f6nelik harcanmak \u00fczere M\u0130V-SAN hesab\u0131na ko\u015fullu ba\u011f\u0131\u015f yap\u0131labilmektedir. Elde edilen ba\u011f\u0131\u015f tutar\u0131, bir \u00fcst s\u0131n\u0131r olmaks\u0131z\u0131n, kesintisiz olarak ba\u011f\u0131\u015flanan ki\u015fiye\/kuruma iletilmektedir[\/vc_column_text][\/vc_column][vc_column offset=&#8221;vc_col-md-4&#8243;][monolit_parallax_box box_pos=&#8221;center&#8221;]<img loading=\"lazy\" class=\"respimg alignnone wp-image-552 size-full\" src=\"https:\/\/miv-san.org\/wp-content\/uploads\/2021\/09\/miv-san-banner2.jpg\" alt=\"M\u0130V-SAN Banner\" width=\"600\" height=\"876\" srcset=\"https:\/\/miv-san.org\/wp-content\/uploads\/2021\/09\/miv-san-banner2.jpg 600w, https:\/\/miv-san.org\/wp-content\/uploads\/2021\/09\/miv-san-banner2-205x300.jpg 205w\" sizes=\"(max-width: 600px) 100vw, 600px\" \/>[\/monolit_parallax_box][\/vc_column][\/vc_row]<\/p>\n","protected":false},"excerpt":{"rendered":"<p>[vc_row cth_layout=&#8221;monolit_page_sec&#8221; el_id=&#8221;sec2&#8243;][vc_column offset=&#8221;vc_col-md-8&#8243;][vc_row_inner css=&#8221;.vc_custom_1635416475746{margin-top: 0px !important;padding-top: 0px !important;}&#8221;][vc_column_inner css=&#8221;.vc_custom_1635416487743{padding-top: 0px !important;}&#8221;][vc_column_text] Sosyal Dayan\u0131\u015fma Fonu [\/vc_column_text][vc_empty_space][\/vc_column_inner][\/vc_row_inner][vc_column_text]Y\u00f6netmeli\u011findeki yard\u0131mla\u015fma ko\u015fulu \u00dcyelikle s\u0131n\u0131rland\u0131r\u0131lm\u0131\u015f olan M\u0130V-SAN, Sand\u0131k \u00dcyeli\u011fi bulunmayan meslekta\u015flar\u0131na da kar\u015f\u0131l\u0131ks\u0131z destek olabilmek amac\u0131yla 2012 y\u0131l\u0131nda Sosyal Dayan\u0131\u015fma Fonunu kurmu\u015ftur. Ortaklar\u0131n birikimlerinin korunmas\u0131 amac\u0131yla Fonu besleyen \u00e7e\u015fitli gelir kalemleri belirlenmi\u015ftir. Sosyal ve k\u00fclt\u00fcrel etkinliklerden ve o mekanlarda a\u00e7t\u0131\u011f\u0131m\u0131z [&hellip;]<\/p>\n","protected":false},"author":1,"featured_media":0,"parent":0,"menu_order":0,"comment_status":"closed","ping_status":"closed","template":"page-fullwidth.php","meta":[],"_links":{"self":[{"href":"https:\/\/miv-san.org\/index.php?rest_route=\/wp\/v2\/pages\/637"}],"collection":[{"href":"https:\/\/miv-san.org\/index.php?rest_route=\/wp\/v2\/pages"}],"about":[{"href":"https:\/\/miv-san.org\/index.php?rest_route=\/wp\/v2\/types\/page"}],"author":[{"embeddable":true,"href":"https:\/\/miv-san.org\/index.php?rest_route=\/wp\/v2\/users\/1"}],"replies":[{"embeddable":true,"href":"https:\/\/miv-san.org\/index.php?rest_route=%2Fwp%2Fv2%2Fcomments&post=637"}],"version-history":[{"count":10,"href":"https:\/\/miv-san.org\/index.php?rest_route=\/wp\/v2\/pages\/637\/revisions"}],"predecessor-version":[{"id":1122,"href":"https:\/\/miv-san.org\/index.php?rest_route=\/wp\/v2\/pages\/637\/revisions\/1122"}],"wp:attachment":[{"href":"https:\/\/miv-san.org\/index.php?rest_route=%2Fwp%2Fv2%2Fmedia&parent=637"}],"curies":[{"name":"wp","href":"https:\/\/api.w.org\/{rel}","templated":true}]}}