{"id":932,"date":"2021-10-01T15:04:14","date_gmt":"2021-10-01T15:04:14","guid":{"rendered":"https:\/\/miv-san.org\/?page_id=932"},"modified":"2021-10-27T15:15:17","modified_gmt":"2021-10-27T15:15:17","slug":"yonetim-kurulu-2-2-3","status":"publish","type":"page","link":"https:\/\/miv-san.org\/?page_id=932","title":{"rendered":"3. D\u00f6nem Y\u00f6netim Kurulu"},"content":{"rendered":"<p>[vc_row cth_layout=&#8221;monolit_page_sec&#8221; el_id=&#8221;sec1&#8243;][vc_column offset=&#8221;vc_col-md-8&#8243;][vc_column_text css=&#8221;.vc_custom_1635347715978{margin-bottom: 55px !important;}&#8221;]<\/p>\n<h2 class=\"section-title\">3. D\u00f6nem (2016-2018) Y\u00f6netim Kurulu<\/h2>\n<div class=\"process-box\"><\/div>\n<p>[\/vc_column_text][vc_row_inner][\/vc_row_inner][vc_column_inner width=&#8221;1\/2&#8243;][vc_column_text]<\/p>\n<h3 class=\"yon-kurulp\">As\u0131l Y\u00f6netim Kurulu \u00dcyeleri<\/h3>\n<p>&nbsp;<\/p>\n<blockquote><p>1. Ali Ekinci-Ba\u015fkan (\u0130zmir)<br \/>\n2. Salt\u0131k Y\u00fcceer-Ba\u015fkan Yrd. (\u0130stanbul)<br \/>\n3. Ay\u015fen \u00d6\u011f\u00fct Y\u0131lmaz-Sekreter \u00dcye (\u0130stanbul)<br \/>\n4. Attila Ergin-Sayman \u00dcye (\u0130stanbul)<br \/>\n5. Leman Ardo\u011fan-\u00dcye (Ankara)<br \/>\n6. Erol T\u00fcrkmen-\u00dcye (\u0130stanbul)<br \/>\n7. Selcan Be\u015fik-\u00dcye (Ordu)<\/p><\/blockquote>\n<p>[\/vc_column_text][\/vc_column_inner][vc_column_inner width=&#8221;1\/2&#8243;][vc_column_text]<\/p>\n<h3 class=\"yon-kurulp\">Yedek Y\u00f6netim Kurulu \u00dcyeleri<\/h3>\n<p>&nbsp;<\/p>\n<blockquote><p>1. Leyla Celep G\u00fcrsoy (\u0130stanbul)<br \/>\n2. Z. Deniz Tekg\u00fcvercin<br \/>\n3. A. Serhan \u015eakar (\u0130stanbul)<br \/>\n4. Macit Toz (\u0130stanbul)<br \/>\n5. Ayhan \u00d6zgen (\u0130stanbul)<br \/>\n6. A. Tamer \u0130nceler (\u0130stanbul)<br \/>\n7. \u0130lmen G\u00f6zde (\u0130stanbul)<\/p><\/blockquote>\n<p>[\/vc_column_text][vc_btn title=&#8221;3. D\u00f6nem \u00c7al\u0131\u015fma Program\u0131&#8221; color=&#8221;info&#8221; i_align=&#8221;right&#8221; i_icon_fontawesome=&#8221;fas fa-share&#8221; css_animation=&#8221;fadeIn&#8221; add_icon=&#8221;true&#8221; link=&#8221;url:https%3A%2F%2Fmimarlikvakfi.org.tr%2Fmivsan%2F%3Fpage_id%3D579|title:5.%20D%C3%B6nem%20%C3%87al%C4%B1%C5%9Fma%20Program%C4%B1%20(2020%20%E2%80%93%202022%20)&#8221; css=&#8221;.vc_custom_1634565605492{margin-top: 20px !important;}&#8221;][\/vc_column_inner][\/vc_column][vc_column offset=&#8221;vc_col-md-4&#8243;][monolit_parallax_box box_pos=&#8221;center&#8221;]<img loading=\"lazy\" class=\"respimg alignnone wp-image-552 size-full\" src=\"https:\/\/miv-san.org\/wp-content\/uploads\/2021\/09\/miv-san-banner2.jpg\" alt=\"M\u0130V-SAN Banner\" width=\"600\" height=\"876\" srcset=\"https:\/\/miv-san.org\/wp-content\/uploads\/2021\/09\/miv-san-banner2.jpg 600w, https:\/\/miv-san.org\/wp-content\/uploads\/2021\/09\/miv-san-banner2-205x300.jpg 205w\" sizes=\"(max-width: 600px) 100vw, 600px\" \/>[\/monolit_parallax_box][\/vc_column][\/vc_row]<\/p>\n","protected":false},"excerpt":{"rendered":"<p>[vc_row cth_layout=&#8221;monolit_page_sec&#8221; el_id=&#8221;sec1&#8243;][vc_column offset=&#8221;vc_col-md-8&#8243;][vc_column_text css=&#8221;.vc_custom_1635347715978{margin-bottom: 55px !important;}&#8221;] 3. D\u00f6nem (2016-2018) Y\u00f6netim Kurulu [\/vc_column_text][vc_row_inner][\/vc_row_inner][vc_column_inner width=&#8221;1\/2&#8243;][vc_column_text] As\u0131l Y\u00f6netim Kurulu \u00dcyeleri &nbsp; 1. Ali Ekinci-Ba\u015fkan (\u0130zmir) 2. Salt\u0131k Y\u00fcceer-Ba\u015fkan Yrd. (\u0130stanbul) 3. Ay\u015fen \u00d6\u011f\u00fct Y\u0131lmaz-Sekreter \u00dcye (\u0130stanbul) 4. Attila Ergin-Sayman \u00dcye (\u0130stanbul) 5. Leman Ardo\u011fan-\u00dcye (Ankara) 6. Erol T\u00fcrkmen-\u00dcye (\u0130stanbul) 7. Selcan Be\u015fik-\u00dcye (Ordu) [\/vc_column_text][\/vc_column_inner][vc_column_inner width=&#8221;1\/2&#8243;][vc_column_text] Yedek Y\u00f6netim [&hellip;]<\/p>\n","protected":false},"author":1,"featured_media":0,"parent":0,"menu_order":0,"comment_status":"closed","ping_status":"closed","template":"page-fullwidth.php","meta":[],"_links":{"self":[{"href":"https:\/\/miv-san.org\/index.php?rest_route=\/wp\/v2\/pages\/932"}],"collection":[{"href":"https:\/\/miv-san.org\/index.php?rest_route=\/wp\/v2\/pages"}],"about":[{"href":"https:\/\/miv-san.org\/index.php?rest_route=\/wp\/v2\/types\/page"}],"author":[{"embeddable":true,"href":"https:\/\/miv-san.org\/index.php?rest_route=\/wp\/v2\/users\/1"}],"replies":[{"embeddable":true,"href":"https:\/\/miv-san.org\/index.php?rest_route=%2Fwp%2Fv2%2Fcomments&post=932"}],"version-history":[{"count":4,"href":"https:\/\/miv-san.org\/index.php?rest_route=\/wp\/v2\/pages\/932\/revisions"}],"predecessor-version":[{"id":1026,"href":"https:\/\/miv-san.org\/index.php?rest_route=\/wp\/v2\/pages\/932\/revisions\/1026"}],"wp:attachment":[{"href":"https:\/\/miv-san.org\/index.php?rest_route=%2Fwp%2Fv2%2Fmedia&parent=932"}],"curies":[{"name":"wp","href":"https:\/\/api.w.org\/{rel}","templated":true}]}}

3. Dönem Yönetim Kurulu

<p>[vc_row cth_layout=&#8221;monolit_page_sec&#8221; el_id=&#8221;sec1&#8243;][vc_column offset=&#8221;vc_col-md-8&#8243;][vc_column_text css=&#8221;.vc_custom_1635347715978{margin-bottom: 55px !important;}&#8221;]</p>
<h2 class="section-title">3. Dönem (2016-2018) Yönetim Kurulu</h2>
<div class="process-box"></div>
<p>[/vc_column_text][vc_row_inner][/vc_row_inner][vc_column_inner width=&#8221;1/2&#8243;][vc_column_text]</p>
<h3 class="yon-kurulp">Asıl Yönetim Kurulu Üyeleri</h3>
<p>&nbsp;</p>
<blockquote><p>1. Ali Ekinci-Başkan (İzmir)<br />
2. Saltık Yüceer-Başkan Yrd. (İstanbul)<br />
3. Ayşen Öğüt Yılmaz-Sekreter Üye (İstanbul)<br />
4. Attila Ergin-Sayman Üye (İstanbul)<br />
5. Leman Ardoğan-Üye (Ankara)<br />
6. Erol Türkmen-Üye (İstanbul)<br />
7. Selcan Beşik-Üye (Ordu)</p></blockquote>
<p>[/vc_column_text][/vc_column_inner][vc_column_inner width=&#8221;1/2&#8243;][vc_column_text]</p>
<h3 class="yon-kurulp">Yedek Yönetim Kurulu Üyeleri</h3>
<p>&nbsp;</p>
<blockquote><p>1. Leyla Celep Gürsoy (İstanbul)<br />
2. Z. Deniz Tekgüvercin<br />
3. A. Serhan Şakar (İstanbul)<br />
4. Macit Toz (İstanbul)<br />
5. Ayhan Özgen (İstanbul)<br />
6. A. Tamer İnceler (İstanbul)<br />
7. İlmen Gözde (İstanbul)</p></blockquote>
<p>[/vc_column_text][vc_btn title=&#8221;3. Dönem Çalışma Programı&#8221; color=&#8221;info&#8221; i_align=&#8221;right&#8221; i_icon_fontawesome=&#8221;fas fa-share&#8221; css_animation=&#8221;fadeIn&#8221; add_icon=&#8221;true&#8221; link=&#8221;url:https%3A%2F%2Fmimarlikvakfi.org.tr%2Fmivsan%2F%3Fpage_id%3D579|title:5.%20D%C3%B6nem%20%C3%87al%C4%B1%C5%9Fma%20Program%C4%B1%20(2020%20%E2%80%93%202022%20)&#8221; css=&#8221;.vc_custom_1634565605492{margin-top: 20px !important;}&#8221;][/vc_column_inner][/vc_column][vc_column offset=&#8221;vc_col-md-4&#8243;][monolit_parallax_box box_pos=&#8221;center&#8221;]<img loading="lazy" class="respimg alignnone wp-image-552 size-full" src="https://miv-san.org/wp-content/uploads/2021/09/miv-san-banner2.jpg" alt="MİV-SAN Banner" width="600" height="876" srcset="https://miv-san.org/wp-content/uploads/2021/09/miv-san-banner2.jpg 600w, https://miv-san.org/wp-content/uploads/2021/09/miv-san-banner2-205x300.jpg 205w" sizes="(max-width: 600px) 100vw, 600px" />[/monolit_parallax_box][/vc_column][/vc_row]</p>

<p>[vc_row cth_layout=&#8221;monolit_page_sec&#8221; el_id=&#8221;sec1&#8243;][vc_column offset=&#8221;vc_col-md-8&#8243;][vc_column_text css=&#8221;.vc_custom_1635347715978{margin-bottom: 55px !important;}&#8221;] 3. Dönem (2016-2018) Yönetim Kurulu [/vc_column_text][vc_row_inner][/vc_row_inner][vc_column_inner width=&#8221;1/2&#8243;][vc_column_text] Asıl Yönetim Kurulu Üyeleri &nbsp; 1. Ali Ekinci-Başkan (İzmir) 2. Saltık Yüceer-Başkan Yrd. (İstanbul) 3. Ayşen Öğüt Yılmaz-Sekreter Üye (İstanbul) 4. Attila Ergin-Sayman Üye (İstanbul) 5. Leman Ardoğan-Üye (Ankara) 6. Erol Türkmen-Üye (İstanbul) 7. Selcan Beşik-Üye (Ordu) [/vc_column_text][/vc_column_inner][vc_column_inner width=&#8221;1/2&#8243;][vc_column_text] Yedek Yönetim [&hellip;]</p>
